rime factors of 1001653.
937, 1069
List the prime factors of 269291.
11, 24481
List the prime factors of 19151405.
5, 7, 13, 859
What are the prime factors of 1110003?
3, 23, 16087
What are the prime factors of 3410010?
2, 3, 5, 37889
List the prime factors of 461927.
607, 761
What are the prime factors of 175988?
2, 43997
List the prime factors of 566374.
2, 41, 6907
What are the prime factors of 2557094?
2, 23, 55589
List the prime factors of 14005073.
1913, 7321
What are the prime factors of 72522?
2, 3, 17, 79
What are the prime factors of 1478217?
3, 13, 29, 1307
What are the prime factors of 13656337?
31, 440527
What are the prime factors of 16831270?
2, 5, 499, 3373
List the prime factors of 22160634.
2, 3, 353, 10463
List the prime factors of 131706.
2, 3, 271
What are the prime factors of 1322832?
2, 3, 7, 31, 127
What are the prime factors of 1318?
2, 659
List the prime factors of 224763.
3, 7, 11, 139
What are the prime factors of 4433?
11, 13, 31
List the prime factors of 644698.
2, 322349
What are the prime factors of 11953384?
2, 743, 2011
List the prime factors of 22100779.
22100779
List the prime factors of 9546630.
2, 3, 5, 223, 1427
What are the prime factors of 148190?
2, 5, 7, 29, 73
List the prime factors of 139699.
7, 2851
What are the prime factors of 5751395?
5, 13, 19, 4657
What are the prime factors of 230876?
2, 57719
What are the prime factors of 35695?
5, 11, 59
List the prime factors of 1992117.
3, 37, 131, 137
What are the prime factors of 300725?
5, 23, 523
What are the prime factors of 695564?
2, 173891
What are the prime factors of 31252539?
3, 131, 281, 283
List the prime factors of 8796981.
3, 19, 154333
List the prime factors of 23589153.
3, 7, 233, 1607
What are the prime factors of 331528?
2, 29, 1429
What are the prime factors of 674366?
2, 7, 11, 29, 151
What are the prime factors of 21635890?
2, 5, 59, 36671
List the prime factors of 1837232.
2, 114827
What are the prime factors of 835320?
2, 3, 5, 6961
What are the prime factors of 3125234?
2, 7, 19, 31, 379
What are the prime factors of 7676103?
3, 2558701
List the prime factors of 2212427.
7, 113, 2797
What are the prime factors of 43613?
43613
List the prime factors of 3501508.
2, 875377
List the prime factors of 1213245.
3, 5, 11, 19, 43
What are the prime factors of 19122?
2, 3, 3187
List the prime factors of 14890295.
5, 7, 467, 911
What are the prime factors of 13740025?
5, 13, 67, 631
What are the prime factors of 123638?
2, 61819
What are the prime factors of 6302558?
2, 163, 19333
List the prime factors of 1391575.
5, 55663
List the prime factors of 1233733.
263, 4691
What are the prime factors of 32866684?
2, 8216671
What are the prime factors of 3687467?
7, 526781
What are the prime factors of 33431?
101, 331
What are the prime factors of 3896387?
11, 19, 103, 181
What are the prime factors of 2193644?
2, 137, 4003
List the prime factors of 136535.
5, 7, 47, 83
List the prime factors of 374.
2, 11, 17
List the prime factors of 7137992.
2, 892249
List the prime factors of 17448786.
2, 3, 969377
List the prime factors of 231931.
7, 17, 1949
List the prime factors of 131642.
2, 7, 9403
List the prime factors of 6419717.
6419717
What are the prime factors of 2132887?
389, 5483
List the prime factors of 6063996.
2, 3, 23, 127, 173
List the prime factors of 9481812.
2, 3, 367, 2153
List the prime factors of 940701.
3, 313567
List the prime factors of 4911706.
2, 1307, 1879
List the prime factors of 260062.
2, 11, 11821
What are the prime factors of 947568?
2, 3, 19, 1039
What are the prime factors of 9655520?
2, 5, 7, 37, 233
What are the prime factors of 419674?
2, 209837
List the prime factors of 1003939.
317, 3167
List the prime factors of 261342.
2, 3, 14519
List the prime factors of 738656.
2, 41, 563
What are the prime factors of 14227794?
2, 3, 7, 112919
List the prime factors of 170250.
2, 3, 5, 227
What are the prime factors of 201680?
2, 5, 2521
What are the prime factors of 7910731?
7910731
What are the prime factors of 59599?
107, 557
List the prime factors of 13988498.
2, 29, 433, 557
List the prime factors of 18183274.
2, 9091637
What are the prime factors of 12456?
2, 3, 173
List the prime factors of 994824.
2, 3, 41, 337
What are the prime factors of 248102?
2, 19, 6529
What are the prime factors of 793445?
5, 31, 5119
What are the prime factors of 3237871?
7, 13, 17, 23
What are the prime factors of 5038636?
2, 1259659
What are the prime factors of 333792?
2, 3, 19, 61
List the prime factors of 1932810.
2, 3, 5, 11, 5857
List the prime factors of 879800.
2, 5, 53, 83
List the prime factors of 395085.
3, 5, 26339
What are the prime factors of 720678?
2, 3, 7, 17159
List the prime factors of 29074.
2, 14537
List the prime factors of 4165614.
2, 3, 77141
What are the prime factors of 2168011?
29, 74759
What are the prime factors of 255737?
23, 11119
What are the prime factors of 888117?
3, 19, 15581
What are the prime factors of 948453?
3, 11, 41, 701
List the prime factors of 2224593.
3, 7, 35311
What are the prime factors of 123299?
11, 1019
List the prime factors of 5260545.
3, 5, 31, 419
What are the prime factors of 867003?
3, 289001
List the prime factors of 2992781.
11, 73, 3727
What are the prime factors of 24220697?
24220697
What are the prime factors of 1365669?
3, 41, 3701
What are the prime factors of 15588156?
2, 3, 1299013
List the prime factors of 861737.
509, 1693
List the prime factors of 54382.
2, 27191
What are the prime factors of 7795297?
547, 14251
List the prime factors of 3052990.
2, 5, 163, 1873
List the prime factors of 101611.
101611
List the prime factors of 634999.
19, 1759
What are the prime factors of 65953?
101, 653
What are the prime factors of 1317153?
3, 67, 6553
What are the prime factors of 341706?
2, 3, 56951
List the prime factors of 121112.
2, 15139
What are the prime factors of 1259127?
3, 31, 4513
List the prime factors of 25018.
2, 7, 1787
What are the prime factors of 153525?
3, 5, 23, 89
List the prime factors of 92111.
92111
List the prime factors of 20944550.
2, 5, 11, 113, 337
What are the prime factors of 2774037?
3, 7, 113, 167
List the prime factors of 712164.
2, 3, 17, 3491
What are the prime factors of 278797?
83, 3359
List the prime factors of 1291092.
2, 3, 11, 9781
What are the prime factors of 2424489?
3, 17, 137, 347
What are the prime factors of 10914?
2, 3, 17, 107
What are the prime factors of 621917?
569, 1093
List the prime factors of 1747354.
2, 7, 19, 6569
What are the prime factors of 7780032?
2, 3, 13, 1039
What are the prime factors of 843468?
2, 3, 70289
What are the prime factors of 252104?
2, 31513
What are the prime factors of 590559?
3, 196853
What are the prime factors of 5448137?
5448137
List the prime factors of 1115036.
2, 13, 41, 523
List the prime factors of 198994.
2, 99497
List the prime factors of 12324950.
2, 5, 11, 22409
What are the prime factors of 15997776?
2, 3, 333287
List the prime factors of 1022678.
2, 223, 2293
List the prime factors of 42161008.
2, 2635063
What are the prime factors of 12247610?
2, 5, 151, 8111
List the prime factors of 6299773.
19, 41, 8087
List the prime factors of 4668250.
2, 5, 71, 263
List the prime factors of 1268017.
1268017
List the prime factors of 82168.
2, 10271
List the prime factors of 459321.
3, 153107
What are the prime factors of 361403?
7, 17, 3037
List the prime factors of 13708668.
2, 3, 1142389
What are the prime factors of 32167144?
2, 941, 4273
List the prime factors of 1651168.
2, 51599
List the prime factors of 23584540.
2, 5, 7, 29, 37, 157
What are the prime factors of 398351?
467, 853
List the prime factors of 238003.
29, 283
What are the prime factors of 13285167?
3, 7, 632627
What are the prime factors of 1233678?
2, 3, 127, 1619
List the prime factors of 7511715.
3, 5, 79, 2113
What are the prime factors of 143243?
143243
What are the prime factors of 9124151?
9124151
What are the prime factors of 3033885?
3, 5, 257, 787
List the prime factors of 3105497.
3105497
List the prime factors of 2106481.
13, 31, 5227
List the prime factors of 4169673.
3, 463297
What are the prime factors of 20650969?
137, 307, 491
What are the prime factors of 16794237?
3, 149, 37571
List the prime factors of 20